?
241
Calculate the remainder when 3808184 is divided by 1963.
1927
What is the remainder when 51703285 is divided by 9164?
9161
Calculate the remainder when 15617128 is divided by 4274.
4206
What is the remainder when 6534709 is divided by 69?
64
What is the remainder when 50966128 is divided by 13?
5
What is the remainder when 12143 is divided by 961?
611
Calculate the remainder when 48572 is divided by 48416.
156
What is the remainder when 10306 is divided by 3185?
751
Calculate the remainder when 60321 is divided by 57376.
2945
What is the remainder when 8984704 is divided by 2602?
2600
What is the remainder when 53272 is divided by 886?
112
What is the remainder when 10943623 is divided by 3647849?
76
Calculate the remainder when 86330493 is divided by 11.
7
Calculate the remainder when 3127463 is divided by 1827.
1466
Calculate the remainder when 1633289 is divided by 106.
41
What is the remainder when 350305 is divided by 4791?
562
What is the remainder when 31749368 is divided by 334?
330
Calculate the remainder when 1196678 is divided by 598186.
306
Calculate the remainder when 206675 is divided by 209.
183
What is the remainder when 8685779 is divided by 114?
5
Calculate the remainder when 54174 is divided by 409.
186
Calculate the remainder when 646630590 is divided by 431.
428
Calculate the remainder when 81118228 is divided by 40559113.
2
What is the remainder when 58351038 is divided by 440?
438
What is the remainder when 38188 is divided by 6254?
664
Calculate the remainder when 157353779 is divided by 395.
394
Calculate the remainder when 4389623 is divided by 395.
383
What is the remainder when 2194087 is divided by 1241?
1240
What is the remainder when 57750 is divided by 269?
184
Calculate the remainder when 761659 is divided by 930.
919
What is the remainder when 9067530 is divided by 46500?
30
What is the remainder when 15186119 is divided by 7593056?
7
Calculate the remainder when 679324 is divided by 1580.
1504
What is the remainder when 447140 is divided by 3439?
70
What is the remainder when 4037154 is divided by 74?
10
What is the remainder when 710751 is divided by 710634?
117
Calculate the remainder when 1421680 is divided by 199.
24
Calculate the remainder when 228938 is divided by 70734.
16736
What is the remainder when 942140 is divided by 11631?
29
Calculate the remainder when 1515349 is divided by 222.
199
Calculate the remainder when 20543227 is divided by 2934745.
12
What is the remainder when 24599998 is divided by 2050?
2048
What is the remainder when 185990 is divided by 376?
246
Calculate the remainder when 678086 is divided by 225815.
641
What is the remainder when 182112907 is divided by 62?
59
What is the remainder when 18240453 is divided by 25727?
10
Calculate the remainder when 26214 is divided by 25530.
684
What is the remainder when 2769843 is divided by 553946?
113
Calculate the remainder when 3467123 is divided by 12700.
23
Calculate the remainder when 189287575 is divided by 8968.
8967
Calculate the remainder when 7813691 is divided by 968.
963
What is the remainder when 2584441 is divided by 928?
889
Calculate the remainder when 27838 is divided by 1663.
1230
What is the remainder when 17053487 is divided by 276?
275
What is the remainder when 15240124 is divided by 3154?
3150
Calculate the remainder when 19491154 is divided by 121.
111
Calculate the remainder when 1558841 is divided by 311693.
376
What is the remainder when 3532180 is divided by 3532088?
92
Calculate the remainder when 1831549 is divided by 582.
577
Calculate the remainder when 257578 is divided by 492.
262
Calculate the remainder when 3573608 is divided by 188084.
12
Calculate the remainder when 1595272 is divided by 22.
8
What is the remainder when 358459 is divided by 569?
558
Calculate the remainder when 45957 is divided by 1511.
627
Calculate the remainder when 1384292897 is divided by 10.
7
What is the remainder when 222171 is divided by 2016?
411
Calculate the remainder when 472828 is divided by 118199.
32
What is the remainder when 926941 is divided by 156?
145
What is the remainder when 89503 is divided by 8929?
213
Calculate the remainder when 40360 is divided by 505.
465
What is the remainder when 6835979 is divided by 9965?
9954
What is the remainder when 21075690 is divided by 7?
6
What is the remainder when 9164564 is divided by 2101?
2
Calculate the remainder when 431705 is divided by 1998.
137
What is the remainder when 21976407 is divided by 44?
35
What is the remainder when 769533 is divided by 8356?
781
What is the remainder when 1080607789 is divided by 407?
404
What is the remainder when 402267574 is divided by 10?
4
Calculate the remainder when 79874482 is divided by 443747.
22
Calculate the remainder when 9905 is divided by 3635.
2635
Calculate the remainder when 2717644 is divided by 167.
53
What is the remainder when 7544428 is divided by 12595?
23
Calculate the remainder when 129481886 is divided by 99068.
10
What is the remainder when 10074028 is divided by 1825?
28
What is the remainder when 1464498 is divided by 44?
2
What is the remainder when 390144 is divided by 90?
84
Calculate the remainder when 21944443 is divided by 305.
303
What is the remainder when 10797 is divided by 1473?
486
Calculate the remainder when 38633869 is divided by 2971835.
14
Calculate the remainder when 139266 is divided by 1110.
516
What is the remainder when 159388 is divided by 981?
466
Calculate the remainder when 7530324 is divided by 23606.
10
What is the remainder when 451839 is divided by 16683?
1398
Calculate the remainder when 501609 is divided by 284.
65
Calculate the remainder when 183748 is divided by 91816.
116
What is the remainder when 8093500 is divided by 80935?
0
What is the remainder when 950698 is divided by 471?
220
Calculate the remainder when 35080737 is divided by 1349258.
29
What is the remainder when 1661955 is divided by 276900?
555
What is the remainder when 3431631 is divided by 83?
79
What is the remainder when 28572449 is divided by 401?
397
Calculate the remainder when 103152 is divided by 9.
3
What is the remainder when 1227909 is divided by 1227500?
409
What is the remainder when 706695 is divided by 865?
855
Calculate the remainder when 141807419 is divided by 230.
229
What is the remainder when 679133 is divided by 2738?
109
Calculate the remainder when 1208656 is divided by 8862.
3424
Calculate the remainder when 28235354 is divided by 2727.
2723
Calculate the remainder when 7607 is divided by 7109.
498
What is the remainder when 343790 is divided by 9822?
20
Calculate the remainder when 63870 is divided by 62846.
1024
Calculate the remainder when 2881672 is divided by 5028.
628
What is the remainder when 14799511 is divided by 184?
23
Calculate the remainder when 108557519 is divided by 3895.
3869
Calculate the remainder when 1934702 is divided by 344.
46
What is the remainder when 24497939 is divided by 198?
191
Calculate the remainder when 19052452 is divided by 1889.
1887
What is the remainder when 4647092 is divided by 5709?
5675
What is the remainder when 7032 is divided by 654?
492
Calculate the remainder when 16222 is divided by 87.
40
What is the remainder when 5265229 is divided by 195008?
13
Calculate the remainder when 487882 is divided by 1315.
17
What is the remainder when 169314 is divided by 27?
24
Calculate the remainder when 274780802 is divided by 194880.
2
Calculate the remainder when 8980477 is divided by 235.
187
What is the remainder when 5990421 is divided by 32206?
105
Calculate the remainder when 17783495 is divided by 4445868.
23
What is the remainder when 43048 is divided by 2975?
1398
What is the remainder when 849952 is divided by 106208?
288
What is the remainder when 825408 is divided by 398?
354
Calculate the remainder when 10386916 is divided by 2778.
2752
What is the remainder when 14317362 is divided by 4650?
12
Calculate the remainder when 2743381 is divided by 5531.
5
What is the remainder when 4224946 is divided by 2500?
2446
Calculate the remainder when 6587753 is divided by 602.
67
Calculate the remainder when 222287 is divided by 749.
583
Calculate the remainder when 2584527 is divided by 390.
387
Calculate the remainder when 441398849 is